1?
12
Calculate the remainder when 5419 is divided by 29.
25
Calculate the remainder when 96850 is divided by 23.
20
Calculate the remainder when 6330 is divided by 2667.
996
Calculate the remainder when 4950 is divided by 410.
30
What is the remainder when 27764 is divided by 6935?
24
What is the remainder when 1384 is divided by 1378?
6
Calculate the remainder when 24037 is divided by 2653.
160
Calculate the remainder when 5873 is divided by 55.
43
Calculate the remainder when 286285 is divided by 13.
12
What is the remainder when 21042 is divided by 345?
342
What is the remainder when 30974 is divided by 1934?
30
Calculate the remainder when 2354011 is divided by 26.
23
What is the remainder when 8734 is divided by 365?
339
What is the remainder when 3181 is divided by 37?
36
Calculate the remainder when 211452 is divided by 211423.
29
What is the remainder when 13829 is divided by 111?
65
Calculate the remainder when 316 is divided by 47.
34
Calculate the remainder when 346 is divided by 340.
6
What is the remainder when 77039 is divided by 90?
89
What is the remainder when 162852 is divided by 6514?
2
What is the remainder when 70 is divided by 2?
0
Calculate the remainder when 1955 is divided by 115.
0
Calculate the remainder when 422 is divided by 114.
80
Calculate the remainder when 30717 is divided by 62.
27
What is the remainder when 676427 is divided by 17?
14
What is the remainder when 8847 is divided by 421?
6
What is the remainder when 4816 is divided by 4756?
60
What is the remainder when 1088538 is divided by 116?
110
Calculate the remainder when 27603 is divided by 68.
63
Calculate the remainder when 494596 is divided by 17.
15
What is the remainder when 840 is divided by 15?
0
What is the remainder when 27374 is divided by 9044?
242
Calculate the remainder when 8163 is divided by 679.
15
What is the remainder when 68089 is divided by 22?
21
What is the remainder when 5801 is divided by 2868?
65
What is the remainder when 64406 is divided by 332?
330
Calculate the remainder when 139666 is divided by 226.
224
What is the remainder when 26019 is divided by 23?
6
Calculate the remainder when 2800 is divided by 283.
253
What is the remainder when 109610 is divided by 123?
17
What is the remainder when 772641 is divided by 21462?
9
Calculate the remainder when 10826 is divided by 45.
26
Calculate the remainder when 105212 is divided by 10520.
12
What is the remainder when 227515 is divided by 852?
31
What is the remainder when 281354 is divided by 93781?
11
Calculate the remainder when 1253 is divided by 160.
133
What is the remainder when 86191 is divided by 615?
91
Calculate the remainder when 55876 is divided by 187.
150
Calculate the remainder when 7861 is divided by 183.
175
What is the remainder when 17633 is divided by 379?
199
Calculate the remainder when 107818 is divided by 388.
342
What is the remainder when 179023 is divided by 167?
166
Calculate the remainder when 2481 is divided by 138.
135
Calculate the remainder when 8790 is divided by 2194.
14
Calculate the remainder when 5363 is divided by 198.
17
Calculate the remainder when 10235 is divided by 19.
13
Calculate the remainder when 28119 is divided by 706.
585
Calculate the remainder when 12823 is divided by 400.
23
What is the remainder when 75776 is divided by 75756?
20
Calculate the remainder when 8723 is divided by 624.
611
What is the remainder when 18169 is divided by 149?
140
What is the remainder when 5513 is divided by 31?
26
What is the remainder when 340731 is divided by 8966?
23
What is the remainder when 6262 is divided by 29?
27
What is the remainder when 5161 is divided by 13?
0
Calculate the remainder when 1537 is divided by 506.
19
Calculate the remainder when 1532745 is divided by 213.
210
What is the remainder when 1652 is divided by 34?
20
Calculate the remainder when 14973 is divided by 1082.
907
What is the remainder when 805277 is divided by 36?
29
Calculate the remainder when 6186 is divided by 159.
144
Calculate the remainder when 153815 is divided by 304.
295
Calculate the remainder when 5963 is divided by 246.
59
Calculate the remainder when 1892 is divided by 285.
182
Calculate the remainder when 10048 is divided by 9987.
61
What is the remainder when 18030 is divided by 129?
99
What is the remainder when 6924 is divided by 6709?
215
What is the remainder when 298909 is divided by 8?
5
Calculate the remainder when 90953 is divided by 572.
5
What is the remainder when 26087 is divided by 39?
35
Calculate the remainder when 22373 is divided by 7455.
8
What is the remainder when 4899 is divided by 812?
27
Calculate the remainder when 101401 is divided by 101.
98
What is the remainder when 7740 is divided by 554?
538
Calculate the remainder when 15840 is divided by 405.
45
Calculate the remainder when 8058 is divided by 98.
22
Calculate the remainder when 480802 is divided by 89.
24
What is the remainder when 27304 is divided by 176?
24
What is the remainder when 9975 is divided by 4912?
151
What is the remainder when 2031 is divided by 1438?
593
Calculate the remainder when 11007 is divided by 3658.
33
What is the remainder when 4359 is divided by 93?
81
What is the remainder when 7351 is divided by 1265?
1026
What is the remainder when 4687 is divided by 358?
33
What is the remainder when 6487 is divided by 120?
7
Calculate the remainder when 52352 is divided by 4.
0
Calculate the remainder when 51489 is divided by 31.
29
Calculate the remainder when 30737 is divided by 3840.
17
Calculate the remainder when 28250 is divided by 55.
35
Calculate the remainder when 186939 is divided by 32.
27
What is the remainder when 43759 is divided by 151?
120
What is the remainder when 13866 is divided by 48?
42
Calculate the remainder when 1948012 is divided by 389600.
12
What is the remainder when 47175 is divided by 655?
15
What is the remainder when 13145 is divided by 4381?
2
What is the remainder when 4327 is divided by 4288?
39
Calculate the remainder when 9455 is divided by 632.
607
Calculate the remainder when 8258 is divided by 8220.
38
What is the remainder when 1901364 is divided by 82668?
0
What is the remainder when 4575 is divided by 76?
15
Calculate the remainder when 2500 is divided by 1213.
74
What is the remainder when 18500 is divided by 126?
104
Calculate the remainder when 11543 is divided by 5771.
1
What is the remainder when 402303 is divided by 114?
111
What is the remainder when 14647 is divided by 1717?
911
What is the remainder when 11357 is divided by 1869?
143
Calculate the remainder when 9816 is divided by 2449.
20
What is the remainder when 1764 is divided by 828?
108
Calculate the remainder when 291559 is divided by 10.
9
What is the remainder when 26617 is divided by 13301?
15
What is the remainder when 3503 is divided by 878?
869
Calculate the remainder when 552027 is divided by 52.
47
Calculate the remainder when 656 is divided by 105.
26
What is the remainder when 21088 is divided by 87?
34
What is the remainder when 10175 is divided by 10140?
35
What is the remainder when 56710 is divided by 204?
202
Calculate the remainder when 57590 is divided by 27.
26
What is the remainder when 7487615 is divided by 136?
135
Calculate the remainder when 4788 is divided by 522.
90
Calculate the remainder when 5197 is divided by 66.
49
Calculate the remainder when 63048 is divided by 31510.
28
Calculate the remainder when 1734 is divided by 996.
738
What is the remainder when 4035 is divided by 78?
57
Calculate the remainder when 94272 is divided by 11783.
8
What is the remainder when 346 is divided by 121?
104
What is the remainder when 157722 is divided by 194?
0
Calculate the remainder when 205151 is divided by 41027.
16
What is the remainder when 20294 is divided by 369?
368
Calculate the remainder when 6262 is divided by 6073.
189
Calculate the remainder when 180118 is divided by 18011.
8
What is the remainder when 2116 is divided by 151?
2
What is the remainder when 31648 is divided by 2433?
19
What is the remainder when 12550 is divided by 3137?
2
Calculate the remainder when 8103 is divided by 91.
4
Calculate the remainder when 698 is divided by 357.
341
Calculate the remainder when 2373 is divided by 20.
13
Calculate 